et n be (-3)/(-4) - 1394/(-8). Suppose -n = -3*k - 22. Suppose 2*p = 4*g + 2, 4*p + 4*g - k - 13 = 0. What is the tens digit of p?
1
Suppose 5*o = -3*a + 281, 6*a = 5*o + 2*a - 267. What is the units digit of o?
5
Suppose -3*b = -d - 0 - 12, 5*d + 15 = 0. What is the units digit of b?
3
Suppose 0 = w + 10 - 4. Let m = -3 - w. Suppose 0 = -m*d + 1 + 8. What is the units digit of d?
3
What is the units digit of -3 + 4 + -2 - -3?
2
Suppose 10 = -n + 6*n. Suppose l + 2*l = 5*a + 38, 95 = 5*l - n*a. What is the tens digit of l?
2
Suppose -4*d + y = 4*y - 67, 0 = 3*d - 4*y - 19. What is the units digit of d?
3
Suppose -2*l + g - 25 = -7*l, 3*l - 15 = 3*g. Let n(o) = 6*o**3 + 2*o - 1. Let d be n(1). Let a = d - l. What is the units digit of a?
2
Let t = 83 - 46. What is the units digit of t?
7
Suppose -4*s = 3*a - 143, -a - 3*s + 46 = -0. What is the tens digit of a?
4
Let u = -57 + 33. Let h be (18/u)/((-2)/8). Suppose 0*r = h*r - 33. What is the units digit of r?
1
Let z(s) = -3 + 0 - 1 - 14*s + 3. Let y be z(-2). Suppose -6 + y = 3*t. What is the units digit of t?
7
Let y = 10 + 0. Suppose h = j + 4, -j = -3*j + y. What is the units digit of h?
9
Suppose -6*d + 20 = -d. Let s be 2/d*(-9 - 1). Let t(m) = m + 7. What is the units digit of t(s)?
2
Let h = 65 + -38. Let o = 44 - h. What is the units digit of o?
7
Let a = -9 + 3. Let s = a - -2. What is the units digit of (s - 1)/(0 + -1)?
5
Let b(g) = -2 + 3 + 4*g + 0. What is the units digit of b(1)?
5
Let t(y) = y - 1. Let i = 18 + -8. What is the units digit of t(i)?
9
Let v = 9 + -5. Suppose 5*d = 4*r - v - 1, -3*r + 3 = -4*d. Suppose d*f - 12 = 4*c + 4, -f = 3*c - 14. What is the units digit of f?
8
Suppose 2*o - o + 4*p = 139, -5*p = 4*o - 512. What is the tens digit of o?
2
Suppose -3*w = -4*w + 80. Suppose 0 = 3*t + 23 - w. Let f = -2 + t. What is the units digit of f?
7
What is the units digit of 1855/14*(-4)/(-5)?
6
Let h = -5 - -6. Let p be (6/5)/h*60. Suppose 3*z = p - 27. What is the tens digit of z?
1
Let r(a) = -23*a + 5. What is the tens digit of r(-2)?
5
Let o(a) = a**2 - 5*a - 6. Let k be o(5). What is the tens digit of (8/(-10))/(k/105)?
1
Let c(s) be the second derivative of -7*s**5/20 + s**4/6 + s**3/3 + s**2/2 - 4*s. What is the units digit of c(-1)?
8
Let q be 9/(-6)*(2 - 4). Let g = q - 1. What is the units digit of (-34)/(-10) - g/5?
3
Suppose 2*z + 3*c - 363 - 257 = 0, -5*z + c = -1584. What is the units digit of z?
6
Suppose 2*a - 4*a = -34. What is the units digit of a?
7
Suppose -5*h - 6 = -31. Let u = 27 - 19. Suppose t - 15 = 4*i, u = i - h*i. What is the units digit of t?
7
Suppose 0*w + 160 = 3*w - 2*d, 2*w - 3*d = 100. What is the tens digit of w?
5
Suppose 4*x - 22 = 2*x. Let f = 8 - x. What is the units digit of (-8)/(3 - (7 + f))?
8
Let p(q) = 11*q**2 + 1. Let o be p(1). Let m be (-29)/2*2/3*-3. Suppose -y + m = o. What is the units digit of y?
7
Let t = -82 + 116. What is the tens digit of t?
3
Suppose -7 = -x + 5*s + 1, -5*x = 3*s - 12. Let f(a) = 2 - x + 3*a - 16*a. What is the units digit of f(-1)?
2
Suppose -84 = -4*i + 4. What is the units digit of i?
2
Let v(k) = -k**3 - 8*k**2 - 8*k + 4. Let o be v(-6). Let t = 42 + o. Let j = t + -16. What is the units digit of j?
6
Let b = -7 - -5. Let t be ((-6)/(-3) - -2)/b. What is the tens digit of 0 - -18 - (-2 - t)?
1
Let w = 15 - 9. Let d(y) = y. What is the units digit of d(w)?
6
Let j = -133 + 241. What is the tens digit of j?
0
Let g = -9 + 9. Suppose g*b + b - 2 = 0. Suppose -h + 7 = -b. What is the units digit of h?
9
Let t = -44 - -66. Let m = t + -13. Suppose m = 4*q - w, -q + 4*w = w - 5. What is the units digit of q?
2
Let i = 24 + 3. What is the units digit of i?
7
Suppose -2*a + w - 16 = -w, -w = -5*a - 20. Let v be a/(-15) + (-12)/10. What is the units digit of v + 16/(1 + 1)?
7
Suppose 3*g + 1 = 52. What is the units digit of g?
7
Suppose 0 = -5*a - w + 50, -3*a - 3*w - 12 = -6*a. Let v be 194/(-18) + (-2)/a. Let c(h) = h**3 + 10*h**2 - 12*h + 2. What is the units digit of c(v)?
3
Let v(d) = -d - 4. Let o be v(-8). Let s be 4 - (1 + (-2 - -2)). Suppose -o*g = -4*t + 60, -3*t - 2*g = -s*g - 41. What is the tens digit of t?
1
Let y be (6/(-12))/(2/(-24)). Let w(q) = 1 + y - 1 - q. What is the units digit of w(5)?
1
Let f(o) be the third derivative of o**5/60 - o**4/6 - 5*o**3/3 - o**2. What is the units digit of f(7)?
1
Let q = -58 - -99. What is the tens digit of q?
4
Let c = -128 + 225. What is the tens digit of c?
9
Suppose 0 = -j - 4*w + 2*w + 244, j = -3*w + 245. What is the hundreds digit of j?
2
Suppose o + 0*o = -j + 34, 66 = 2*o + 3*j. Suppose -z + o = -3*z. Let h = z + 25. What is the units digit of h?
7
Let t(h) = -6*h + 2. Let u(n) = -2*n + 3. Let s be u(3). What is the units digit of t(s)?
0
Suppose 4*i = 2*p + 18, -4*p - i - 31 = -4. Let d = 24 + p. Let k = 29 - d. What is the tens digit of k?
1
Let c = 25 - -24. What is the units digit of c?
9
Let p = 10 - 1. What is the units digit of p?
9
Let y(z) = 5*z**2 + 3*z. Let v be y(-4). Suppose u = 3*u - v. What is the tens digit of u?
3
Let c = 89 - 64. Let u = c + -13. What is the units digit of u?
2
Let g(m) = m**3 - 7*m**2 + 3*m + 4. Let v be g(6). Let w be 1*-3 - 1/1. What is the units digit of v*(6/w - -1)?
7
Suppose 8 - 12 = -4*x. What is the units digit of x?
1
Let m = -6 + 8. Let n be ((-4)/(-6))/(m/(-6)). What is the units digit of (n/(-3))/((-1)/(-6))?
4
Let d(v) be the first derivative of 1/2*v**2 - 2 + 0*v. What is the units digit of d(4)?
4
Suppose 3*o + 15 = 0, -344 = -4*h + 3*o + o. Suppose -2*s + h = s. What is the tens digit of s?
2
Let f(o) = 6*o**2 - 3*o - 5. What is the hundreds digit of f(-4)?
1
Suppose -5*i - 6 = -1. Let w = 0 + i. What is the units digit of (6/w)/((-2)/3)?
9
Suppose 0 = 17*v - 749 - 2107. What is the units digit of v?
8
Let l(g) = -g + 19. Let k be l(12). Suppose -11*v + 92 = -k*v. What is the units digit of v?
3
Suppose 3*y = 8*y + 5, -3*y = 4*t - 41. Let m = 1 + t. What is the tens digit of m?
1
Suppose -5*k - 33 + 3 = 0. What is the tens digit of (-99)/k + (-2)/4?
1
Let y(x) = 2*x + 4. Let d be y(3). Suppose l = -9 + 11. What is the units digit of (l/1 - 3) + d?
9
Let w(h) = -6*h + 24. What is the units digit of w(-11)?
0
Let a(s) = s**2 + 2*s + 1. Let m be a(-1). Let z = 2 - m. Suppose z*y + y - 45 = 0. What is the tens digit of y?
1
Let c(g) = -5*g + 8. What is the tens digit of c(-4)?
2
Let u(s) be the third derivative of s**4/12 - 4*s**2. What is the units digit of u(3)?
6
Let g(p) = p**2 + 4*p. Suppose -3*u + m = 3 + 15, 3*m - 30 = 5*u. What is the tens digit of g(u)?
1
Let c(a) = -1. Let u(h) = -2*h. Let j(v) = 4*c(v) + 2*u(v). What is the units digit of j(-3)?
8
What is the tens digit of ((-213)/(-12))/((-3)/(-12))?
7
Let u(i) = 14*i - 4. What is the units digit of u(3)?
8
Suppose i = 1 + 1. Suppose -k - 4*n = -i*k + 33, 0 = -3*k - n + 99. What is the tens digit of k?
3
What is the units digit of (276/(-8))/(9/(-12))?
6
Suppose m - 6 = -t, -4*t + 1 = -15. Suppose 3*r - 11 = m*r. Let z = 19 - r. What is the units digit of z?
8
Let y(d) = 2*d**3 - 5*d**2 + 4*d - 4. What is the units digit of y(3)?
7
Let c(o) = -4*o + 7 + o**3 - 3*o + o - 4*o**2. Let a be c(5). Suppose -6*t = -a*t - 4. What is the units digit of t?
1
Let t(h) = 7*h**3 - 5*h**2 - 4*h + 4. What is the hundreds digit of t(3)?
1
Let q(f) = f**2 - 2*f - 2. Let a be q(2). What is the tens digit of 4 - (0 - (a + 40))?
4
Let f(k) = -24*k**3 - k**2 + 1. What is the units digit of f(-1)?
4
Let r(x) = -4*x**3 - 3*x**2 - 2*x - 1. What is the units digit of r(-2)?
3
Let r be (12/15)/(2/40). Suppose -r = -4*o - 4. Suppose -2*w - 3 = -o*w. What is the units digit of w?
3
Let m(h) = -h**2 - 6*h - 4. Let z(c) = -2*c**2 - 12*c - 7. Let a(o) = -5*m(o) + 2*z(o). What is the tens digit of a(-7)?
1
What is the units digit of -29 + 28 + 320*1?
9
Let d(x) = x**2 - 13*x + 15. Let g be d(12). Suppose -8*p = -g*p - 110. What is the units digit of p?
2
Let g be (((-8)/(-2))/(-2))/(-2). Let t = 3 - g. What is the units digit of t?
2
Suppose -12*q + 4*q = -288. What is the tens digit of q?
3
Suppose 3*d - 2*d = -3. Let a be 5*d/(-30)*4. Suppose -14 = -4*y - 2*o, 8 = -y - y + a*o. What is the units digit of y?
1
Let b be ((-9)/(-2))/(6/60). Suppose 0 = -6*y